+ 0*c**3 + c**2 - 8*c**2 + 0*c**3 - 5*c - 1428. Determine f(-4).
35
Suppose 0 = -2*o + 3*t - 0 + 1, 0 = 5*o - 4*t - 6. Let u be (1/3)/(4*o/(-24)). Let i(b) = -6*b**3. What is i(u)?
6
Let o(t) = -20*t**3 + 14*t**2 - 19*t - 29. Let s(w) = 4*w**3 - 3*w**2 + 4*w + 6. Let z(k) = -6*o(k) - 29*s(k). Determine z(-2).
-16
Let j(i) = 2*i - 8. Let g = -150 + 145. Let d(f) = -f**2 - 8*f - 8. Let m be d(g). Calculate j(m).
6
Suppose 3*h + 3 + 0 = 0. Let i(u) be the third derivative of 41*u**2 - 1/6*u**3 + 0*u + 0 - 1/12*u**4 - 1/40*u**6 + 0*u**5. Give i(h).
4
Let c(v) = 7*v**2 - 17*v + 9. Let a be (-12)/18 - (-246)/18*1. Let l(p) = -15*p**2 + 36*p - 18. Let n(m) = a*c(m) + 6*l(m). Determine n(6).
15
Suppose -3*r = z - 341, -5*r + 2*z + 420 = -152. Let t = r - 117. Let g(x) be the second derivative of -x**4/12 - 2*x**3/3 - 2*x**2 + 2*x. Calculate g(t).
-1
Let b = 90 + -47. Let s(w) = -44*w**2 - 1 + 1 - 5*w - 6 + 3 + b*w**2. Determine s(-5).
-3
Let t(n) be the third derivative of n**5/60 - n**4/12 - n**2. Suppose -14*g = -71964 + 72006. What is t(g)?
15
Suppose -17*g = -32*g + 300. Suppose g = -5*o, -2*s + o + o = -8. Let z(m) = m**2 + m + 36. Determine z(s).
36
Let r(a) = -3*a**3 + 2*a**2 - 2*a. Let c(z) = 12*z + 118. Let y be c(-10). Let n be (7/21)/(y/(-12)). What is r(n)?
-20
Suppose 10*w - 43 = -27*w - 154. Let l(k) = k**3 + k**2 - 8*k - 2. Determine l(w).
4
Suppose 3*z - 15 = 21. Suppose 26*q + 18 = 32*q. Suppose -q*m = z*m. Let o(t) = t**2 + t + 9. What is o(m)?
9
Let t be 27 - 5 - -7 - (0 + 0). Suppose -t*w - 180 = -9*w. Let i(u) = -u - 14. What is i(w)?
-5
Let j(f) = 3*f - 7. Let l = 64 - 61. Suppose l*w + 3*i = 2*w + 101, -3*i - 9 = 0. Suppose 28*m - 6*m - w = 0. Calculate j(m).
8
Let c = 13 + -5. Let j = -142 + 153. Let p(k) = 3 - j + 1 - k**2 + 4 + 8*k. Determine p(c).
-3
Let r(l) = -2*l - 227. Let o(n) = n + 19. Let y(w) = -12*o(w) - r(w). Let g = 3 + -5. What is y(g)?
19
Suppose 5*k = -3*k - 468 + 516. Let j(r) = -r + 30. Determine j(k).
24
Let b(y) be the third derivative of -y**7/5040 - y**6/180 - y**5/30 + 5*y**3/6 - 49*y**2. Let q(m) be the third derivative of b(m). Give q(-11).
7
Let k(u) = 3*u - 8. Suppose -74*l = -82*l - 976. Let c = l + 131. What is k(c)?
19
Let r(k) = k**3 + k**2 - 3*k + 3. Let x = -137 - -153. Suppose -16*s - x - 32 = 0. What is r(s)?
-6
Let c(r) = r. Let d(w) = -5*w - 11. Let m(g) = 4*c(g) + d(g). Suppose -5*u + 462 = -3*u + 5*o, 0 = -o + 4. Let l = -221 + u. Give m(l).
-11
Let a(n) = 4*n**3 + 25*n**2 + 19*n - 25. Let k(d) = d**3 + 3*d**2 + d. Let l(s) = a(s) - 5*k(s). Let b = -304 - -315. What is l(b)?
8
Let l(u) be the first derivative of 45 + 15*u - u**2 - 5*u + u. Calculate l(5).
1
Let t(r) be the first derivative of -6*r**2 - 98*r + 9373. Determine t(-8).
-2
Suppose -4*w - z = -40, 4*z + 6*z = -2*w + 58. Let p(a) = 13*a - 111. What is p(w)?
6
Let l(f) = -97761*f**2 - 1 + 195518*f**2 - 97758*f**2 + 3*f. What is l(3)?
-1
Suppose p = -4*p - 50. Let x be (p - -9)*(-5 - 0 - 0). Let i(r) = r - 6. Determine i(x).
-1
Let f(o) = 4*o - 2. Suppose 0 = 53*u - 60*u + 399. Suppose u*i - 55*i + 6 = 0. Calculate f(i).
-14
Let c(f) = 11*f**3 - 3*f**2 - f + 22. Let p(y) = 12*y**3 - 3*y**2 + 24. Let q(r) = 11*c(r) - 10*p(r). Determine q(-5).
-143
Suppose -33*l - 88 = -11*l. Let v(i) = 22*i**2 - 7*i - 7. Let x(t) = 45*t**2 - 12*t - 12. Let b(r) = l*x(r) + 7*v(r). Give b(-1).
-26
Let q = 42853/42 + -7141/7. Let z(k) be the second derivative of 53*k + 0*k**2 - 7/12*k**4 + 0 + q*k**3. Calculate z(-1).
-8
Let m = -160 - -276. Let t(b) = -6 - 56*b - 54*b + b**2 + m*b. Give t(-5).
-11
Let p(c) = 4*c - 24. Let f(d) = -d**3 - 31*d**2 - 30*d - 4. Let h be f(-30). What is p(h)?
-40
Suppose -91 = 36*f + 377. Let m(b) = -b**2 - 13*b + 6. Determine m(f).
6
Suppose -24*y + 396 = -20*y. Let o = y + -93. Let v be 3/(-2) - (-4 - (-21)/o). Let p(j) = -4*j**3 + 2*j**2 - 1. Determine p(v).
5
Let o be (296/36 - 7) + (-2)/9. Let y(n) = -403*n + 411*n + o + 0. What is y(-1)?
-7
Let b(w) = -4*w + 3. Let n(d) = 25*d - 271. Let s(g) = -b(g) - n(g). Calculate s(13).
-5
Let g(r) = -2*r**2 - 11*r + 7. Let l = 355 - 357. Let s(n) = n**2 + 10*n - 8. Let m(v) = l*g(v) - 3*s(v). Calculate m(7).
3
Let k(q) = -20*q**2 - 4*q - 108. Let c(g) = 11*g**2 + 4*g + 54. Let t(d) = 9*c(d) + 5*k(d). Give t(8).
10
Let w(a) = -2*a - 29*a**3 + 49*a**3 - 28*a**3 + 1. Let v be ((-3)/(-2))/(4/8). Let u be (3 - v) + (-1)/(-1). Calculate w(u).
-9
Let j = 5054 + -5061. Let p(w) = -w**3 - 6*w**2 + 6*w + 7. Give p(j).
14
Let x(z) = -5*z**3 + z**2 - 1. Suppose 15*r - 22*r + 42 = 0. Suppose 4 = -r*y - 2. Calculate x(y).
5
Let p(f) = f**3 + 12*f**2 + 8*f - 12. Suppose 0 = -2*l - 3*h + 1, -l + h + 287 = 304. Give p(l).
108
Let w = 1600 - 1612. Let f(t) = 2*t**2 + 22*t - 14. Give f(w).
10
Let k(x) = 4*x**2 + x - 1. Let c(w) be the second derivative of -w**5/20 + 5*w**4/4 + 3*w**3/2 + w**2/2 + 40*w. Let v(l) = -c(l) + 5*k(l). Calculate v(-5).
14
Let c(g) = 5*g + 7*g**3 + 6 - 2*g**2 - 3*g - 8*g**3 - 4. Let p be 32/48*1/2*6. Calculate c(p).
-10
Let m(f) = -f - 27*f + 24 + 0*f - 95 - 102. Give m(-6).
-5
Let v(s) = -49*s**2 - 78*s + 32. Let r(d) = -8*d**2 - 12*d + 5. Let k(q) = 13*r(q) - 2*v(q). Give k(-2).
-23
Suppose -4*l = 81 - 89. Let q(t) = 2 - l*t**3 - 16*t**3 + 17*t**3 - 3*t - 11*t**3. What is q(1)?
-13
Suppose u + 3*u = 4*a - 48, -2*u - 28 = -3*a. Let q be (-4)/2 - (8 + u). Let v(b) = -11*b + 18. Let d(n) = -3*n + 5. Let i(j) = 7*d(j) - 2*v(j). Determine i(q).
-3
Let h(p) = -4*p**2 + 426*p - 205. Let v be h(106). Let q(k) = -k**3 + 5*k**2 + 15*k + 11. Give q(v).
18
Let b(n) = n**3 - n**2 - 2*n + 2. Let v(f) = 39 + 17*f + 45 - 7*f + 32*f. Let q be v(-2). Determine b(q).
2
Let b(o) = -3*o**2 + 88*o - 37. Let d(i) = i**2 - 43*i + 19. Let l(h) = 3*b(h) + 7*d(h). Calculate l(-19).
3
Let d = 10570 + -10577. Let r(o) = -o + 12. What is r(d)?
19
Suppose 5*j + 32*r - 32 = 33*r, 16 = j - 5*r. Suppose -t - 2*t + 6 = 0. Let v(y) = -6*y**2 + y + 17*y**3 - 8*y**3 - 5 - 8*y**3 + t. Determine v(j).
3
Let h be (18/14)/(-11 + 1256/112). Let o(k) = 0*k - 12 + 2*k + 5 - k. Give o(h).
-1
Let f(z) be the second derivative of z**3/3 - 8*z**2 + 2*z. Let o be (12/(-14))/(41/(-574)). Give f(o).
8
Let s(n) = -60*n - 45. Let y(f) = 159*f + 131. Let b(x) = 8*s(x) + 3*y(x). What is b(3)?
24
Let k(m) = m**3 + 3*m**2 - 2*m + 2. Let s(g) be the third derivative of 5*g**4/12 - 14*g**3 + 182*g**2. Let u be s(8). What is k(u)?
-6
Let t(l) = l**3 + 8*l**2 + 13*l - 1. Suppose 79*n + 106 = -368. Determine t(n).
-7
Let j = -35 - -49. Suppose s = -s + j. Let n(d) = 3*d**2 + 10 + 14*d - 2*d**2 - 8*d - 5*d - 12*d. What is n(s)?
-18
Let r(a) be the first derivative of 1/3*a**3 + 3*a**2 - 6*a - 1/4*a**4 + 123. Calculate r(4).
-30
Let y = 77 - 50. Suppose -y*r + 28*r + 14 = 0. Let j(s) = s + 17. Let f be j(r). Let m(n) = -n**3 + 2*n**2 + n + 3. Give m(f).
-3
Let i(z) = 28*z + 647. Let c be i(-23). Suppose -20 = -4*w + 3*k + 11, 3*w - 5*k = 37. Let d(v) = 3*v**2 - c*v**2 - 1 + v**3 + 2*v**2 + w*v**3. What is d(-1)?
-4
Let a = -81109/10 - -8111. Let r(o) be the third derivative of 32*o**2 + 1/6*o**3 + 0 + 0*o - 1/8*o**4 + a*o**5. What is r(2)?
19
Suppose 0 = -24*o + 130 + 422. Let s(m) = 2*m**3 - 46*m**2 + 2*m - 47. Give s(o).
-1
Let g(n) be the second derivative of -n**4/12 - n**3/6 + 7*n**2 + 218*n + 3. Determine g(-6).
-16
Let p be ((-2850)/1330)/(2/(-14)). Let g(f) = f**2 - 16*f + 11. Calculate g(p).
-4
Let l(v) = 3*v**2 - 5*v. Suppose -3*u - 14 = -2*f, 0*u + 12 = -4*f - 4*u. Calculate l(f).
-2
Let o be (-2 - 2/2)*(6 + -7). Suppose -2*j + o*s = -6, 7*s = 4*s - 6. Let k(y) = j + 0 - 18*y + 13*y. Calculate k(-1).
5
Let x(v) = -19*v - 21. Suppose 36*w = -30*w - 330. Calculate x(w).
74
Suppose 11*q + 2*u - 3 = 10*q, 5*q + 12 = -u. Let w be q*(48/(-36) - (-1 + -1)). Let m(a) = -a**3 - 2*a**2 + 4*a + 3. Give m(w).
-5
Let q be -2*(-110)/(-14 - -3). Let d(i) = -18*i - 354. What is d(q)?
6
Let k = -103 - 34. Let i = -133 - k. Suppose 0 = 3*w + 3*b - 12, 0 = -2*w + 2*b + 12 + i. Let f(m) = m**3 - 6*m**2 - 3*m. What is f(w)?
-18
Let k(s) = 3*s - 2. Let x(o) = 245*o + 4650. Let d be x(-19). What is k(d)?
-17
Let v(p) = p**2 - 8*p + 2. Suppose -2*b + 24 - 8 = 0. Suppose 2*j + 2*i = -6, 0*j - b = 3*j + 4*i. Let c be (1/j*-2)/(5/30). Determin